ded by 26.
17
Calculate the remainder when 233003 is divided by 18.
11
What is the remainder when 2308 is divided by 8?
4
Calculate the remainder when 30459 is divided by 476.
471
Calculate the remainder when 278425 is divided by 188.
185
What is the remainder when 1158631 is divided by 7?
5
What is the remainder when 23710 is divided by 1684?
134
What is the remainder when 35564 is divided by 117?
113
Calculate the remainder when 5825 is divided by 1156.
45
Calculate the remainder when 18184 is divided by 491.
17
Calculate the remainder when 776544 is divided by 410.
4
What is the remainder when 25181 is divided by 670?
391
Calculate the remainder when 281608 is divided by 93862.
22
What is the remainder when 89382 is divided by 297?
282
What is the remainder when 10339 is divided by 295?
14
Calculate the remainder when 29367 is divided by 22.
19
What is the remainder when 12381 is divided by 303?
261
Calculate the remainder when 23134 is divided by 32.
30
What is the remainder when 294973 is divided by 71?
39
What is the remainder when 5932 is divided by 2956?
20
Calculate the remainder when 99742 is divided by 24.
22
Calculate the remainder when 241667 is divided by 42.
41
What is the remainder when 2316 is divided by 186?
84
What is the remainder when 1513 is divided by 217?
211
Calculate the remainder when 13450 is divided by 1664.
138
What is the remainder when 2441 is divided by 383?
143
Calculate the remainder when 160588 is divided by 530.
528
Calculate the remainder when 1860 is divided by 51.
24
What is the remainder when 37947 is divided by 75?
72
What is the remainder when 330827 is divided by 6?
5
Calculate the remainder when 3745 is divided by 170.
5
What is the remainder when 3462 is divided by 119?
11
What is the remainder when 10968 is divided by 38?
24
Calculate the remainder when 13853 is divided by 4598.
59
What is the remainder when 5582 is divided by 2763?
56
Calculate the remainder when 352801 is divided by 130.
111
What is the remainder when 770 is divided by 674?
96
Calculate the remainder when 4124 is divided by 60.
44
What is the remainder when 7309 is divided by 25?
9
Calculate the remainder when 408 is divided by 107.
87
What is the remainder when 4942 is divided by 206?
204
What is the remainder when 33015 is divided by 93?
0
Calculate the remainder when 47534 is divided by 23757.
20
Calculate the remainder when 69738 is divided by 1203.
1167
What is the remainder when 3848 is divided by 22?
20
Calculate the remainder when 99502 is divided by 18.
16
What is the remainder when 21587 is divided by 96?
83
What is the remainder when 17409 is divided by 792?
777
What is the remainder when 303343 is divided by 43334?
5
What is the remainder when 1889 is divided by 196?
125
What is the remainder when 42575 is divided by 1217?
1197
Calculate the remainder when 14203 is divided by 106.
105
What is the remainder when 3955 is divided by 650?
55
What is the remainder when 1444 is divided by 30?
4
Calculate the remainder when 646463 is divided by 74.
73
What is the remainder when 45045 is divided by 11?
0
What is the remainder when 157308 is divided by 52?
8
Calculate the remainder when 3540 is divided by 3337.
203
Calculate the remainder when 413995 is divided by 40.
35
Calculate the remainder when 6190 is divided by 1238.
0
What is the remainder when 2293 is divided by 380?
13
What is the remainder when 33195 is divided by 291?
21
Calculate the remainder when 51133 is divided by 1135.
58
Calculate the remainder when 184831 is divided by 128.
127
What is the remainder when 187452 is divided by 187439?
13
Calculate the remainder when 171038 is divided by 223.
220
What is the remainder when 271224 is divided by 11?
8
What is the remainder when 6512 is divided by 271?
8
Calculate the remainder when 1086 is divided by 197.
101
What is the remainder when 947124 is divided by 1301?
1297
What is the remainder when 13357 is divided by 4443?
28
Calculate the remainder when 4631 is divided by 1156.
7
Calculate the remainder when 24112 is divided by 330.
22
What is the remainder when 69335 is divided by 603?
593
What is the remainder when 1084 is divided by 522?
40
What is the remainder when 3243 is divided by 6?
3
Calculate the remainder when 59292 is divided by 24.
12
Calculate the remainder when 39350 is divided by 1967.
10
What is the remainder when 25926 is divided by 129?
126
What is the remainder when 118246 is divided by 104?
102
What is the remainder when 2764 is divided by 7?
6
What is the remainder when 484321 is divided by 293?
285
Calculate the remainder when 25911 is divided by 54.
45
What is the remainder when 11589 is divided by 263?
17
What is the remainder when 22138 is divided by 7365?
43
Calculate the remainder when 2212 is divided by 61.
16
What is the remainder when 1223537 is divided by 366?
365
What is the remainder when 52699 is divided by 170?
169
What is the remainder when 8898 is divided by 2?
0
Calculate the remainder when 30964 is divided by 403.
336
Calculate the remainder when 44588 is divided by 1142.
50
What is the remainder when 1374 is divided by 28?
2
Calculate the remainder when 50043 is divided by 569.
540
Calculate the remainder when 16325 is divided by 16210.
115
Calculate the remainder when 144896 is divided by 1271.
2
What is the remainder when 144618 is divided by 72306?
6
Calculate the remainder when 85326 is divided by 2666.
14
Calculate the remainder when 7231 is divided by 3600.
31
What is the remainder when 2781 is divided by 770?
471
Calculate the remainder when 21344 is divided by 1778.
8
What is the remainder when 4009 is divided by 1435?
1139
Calculate the remainder when 2425 is divided by 200.
25
Calculate the remainder when 2945 is divided by 2898.
47
Calculate the remainder when 11141 is divided by 76.
45
What is the remainder when 21974 is divided by 35?
29
Calculate the remainder when 2510 is divided by 621.
26
What is the remainder when 67458 is divided by 334?
324
What is the remainder when 1373 is divided by 157?
117
What is the remainder when 1266584 is divided by 932?
928
Calculate the remainder when 4736 is divided by 20.
16
What is the remainder when 195613 is divided by 315?
313
Calculate the remainder when 51349 is divided by 917.
914
What is the remainder when 6845 is divided by 22?
3
Calculate the remainder when 12951 is divided by 77.
15
What is the remainder when 51208 is divided by 58?
52
Calculate the remainder when 167683 is divided by 317.
307
Calculate the remainder when 18034 is divided by 62.
54
Calculate the remainder when 892 is divided by 829.
63
What is the remainder when 99036 is divided by 287?
21
Calculate the remainder when 3094954 is divided by 54.
52
What is the remainder when 145509 is divided by 94?
91
Calculate the remainder when 67556 is divided by 22499.
59
What is the remainder when 190419 is divided by 63465?
24
What is the remainder when 772 is divided by 117?
70
What is the remainder when 4556 is divided by 298?
86
What is the remainder when 3001 is divided by 236?
169
What is the remainder when 836 is divided by 174?
140
Calculate the remainder when 243589 is divided by 368.
341
What is the remainder when 1121 is divided by 84?
29
Calculate the remainder when 322252 is divided by 693.
7
Calculate the remainder when 8305 is divided by 4.
1
What is the remainder when 18462 is divided by 33?
15
Calculate the remainder when 63924 is divided by 11.
3
Calculate the remainder when 38644 is divided by 9618.
172
Calculate the remainder when 1072725 is divided by 1268.
1265
What is the remainder when 10653 is divided by 942?
291
Calculate the remainder when 13033 is divided by 930.
13
Calculate the remainder when 20996 is divided by 440.
316
What is the remainder when 13207 is divided by 37?
35
Calculate the remainder when 1757349 is divided by 888.
885
Calculate the remainder when 9598 is divided by 240.
238
What is the remainder when 5708 is divided by 949?
14
Calculate the remainder when 462 is divided by 145.
27
Calculate the remainder when 179490 is divided by 680.
650
What is the remainder when 24758 is divided by 41?
35
Calculate the remainder when 2731 is divided by 121.
69
What is the remainder when 2165 is divided by 284?
177
Calculat